 units digit of 55677?
7
What is the hundreds digit of 43832?
8
What is the tens digit of 5031?
3
What is the tens digit of 76022?
2
What is the ten thousands digit of 14799?
1
What is the ten thousands digit of 28232?
2
What is the tens digit of 53057?
5
What is the hundreds digit of 3087?
0
What is the units digit of 1240?
0
What is the thousands digit of 1081?
1
What is the units digit of 23777?
7
What is the hundreds digit of 568?
5
What is the ten thousands digit of 80176?
8
What is the hundreds digit of 355?
3
What is the hundred thousands digit of 103536?
1
What is the units digit of 906?
6
What is the units digit of 3701?
1
What is the ten thousands digit of 23237?
2
What is the hundreds digit of 1010?
0
What is the units digit of 8286?
6
What is the tens digit of 5081?
8
What is the thousands digit of 1068?
1
What is the tens digit of 2715?
1
What is the units digit of 1179?
9
What is the units digit of 8676?
6
What is the thousands digit of 10999?
0
What is the thousands digit of 81665?
1
What is the tens digit of 934?
3
What is the units digit of 1245?
5
What is the units digit of 136228?
8
What is the units digit of 707?
7
What is the tens digit of 25?
2
What is the units digit of 1727?
7
What is the units digit of 46692?
2
What is the tens digit of 763?
6
What is the tens digit of 900?
0
What is the tens digit of 50832?
3
What is the tens digit of 470?
7
What is the hundreds digit of 269?
2
What is the ten thousands digit of 83045?
8
What is the hundreds digit of 115?
1
What is the hundreds digit of 235?
2
What is the tens digit of 4385?
8
What is the hundreds digit of 17007?
0
What is the tens digit of 8995?
9
What is the units digit of 885?
5
What is the ten thousands digit of 19094?
1
What is the ten thousands digit of 21840?
2
What is the hundreds digit of 19792?
7
What is the units digit of 979?
9
What is the tens digit of 135?
3
What is the units digit of 529?
9
What is the ten thousands digit of 30545?
3
What is the units digit of 4285?
5
What is the hundreds digit of 609?
6
What is the hundreds digit of 2150?
1
What is the tens digit of 3250?
5
What is the units digit of 10755?
5
What is the hundreds digit of 418?
4
What is the hundreds digit of 113336?
3
What is the units digit of 3898?
8
What is the hundreds digit of 25096?
0
What is the tens digit of 823?
2
What is the thousands digit of 3332?
3
What is the hundreds digit of 4303?
3
What is the hundreds digit of 1032?
0
What is the units digit of 3724?
4
What is the tens digit of 14011?
1
What is the thousands digit of 178059?
8
What is the thousands digit of 19188?
9
What is the hundreds digit of 1802?
8
What is the hundreds digit of 1932?
9
What is the hundreds digit of 5837?
8
What is the thousands digit of 53626?
3
What is the tens digit of 1644?
4
What is the tens digit of 27786?
8
What is the units digit of 21237?
7
What is the units digit of 3349?
9
What is the thousands digit of 6080?
6
What is the units digit of 64410?
0
What is the hundreds digit of 15569?
5
What is the units digit of 4678?
8
What is the hundreds digit of 139889?
8
What is the hundreds digit of 2394?
3
What is the thousands digit of 10102?
0
What is the units digit of 362?
2
What is the thousands digit of 1276?
1
What is the hundreds digit of 28701?
7
What is the hundreds digit of 6054?
0
What is the hundreds digit of 22043?
0
What is the tens digit of 14487?
8
What is the thousands digit of 149513?
9
What is the tens digit of 6660?
6
What is the hundreds digit of 1169?
1
What is the tens digit of 103002?
0
What is the units digit of 782?
2
What is the tens digit of 808?
0
What is the hundreds digit of 1065?
0
What is the tens digit of 4799?
9
What is the hundreds digit of 1322?
3
What is the hundreds digit of 2868?
8
What is the tens digit of 517?
1
What is the units digit of 50000?
0
What is the thousands digit of 2534?
2
What is the units digit of 734?
4
What is the tens digit of 528?
2
What is the units digit of 29530?
0
What is the tens digit of 23111?
1
What is the units digit of 2526?
6
What is the hundreds digit of 47996?
9
What is the tens digit of 253?
5
What is the hundreds digit of 3201?
2
What is the thousands digit of 37962?
7
What is the units digit of 96297?
7
What is the units digit of 10667?
7
What is the thousands digit of 52528?
2
What is the units digit of 10408?
8
What is the hundreds digit of 1873?
8
What is the hundreds digit of 60564?
5
What is the hundreds digit of 337?
3
What is the hundreds digit of 480?
4
What is the tens digit of 46357?
5
What is the hundreds digit of 45864?
8
What is the tens digit of 5421?
2
What is the tens digit of 14466?
6
What is the units digit of 1277?
7
What is the units digit of 1780?
0
What is the units digit of 1684?
4
What is the tens digit of 691?
9
What is the tens digit of 1887?
8
What is the hundreds digit of 3477?
4
What is the units digit of 4875?
5
What is the tens digit of 336?
3
What is the thousands digit of 1482?
1
What is the hundreds digit of 417?
4
What is the thousands digit of 4210?
4
What is the hundreds digit of 45508?
5
What is the units digit of 980?
0
What is the units digit of 571?
1
What is the tens digit of 737?
3
What is the thousands digit of 27257?
7
What is the tens digit of 1742?
4
What is the tens digit of 1911?
1
What is the tens digit of 45725?
2
What is the hundreds digit of 1490?
4
What is the tens digit of 541?
4
What is the hundred thousands digit of 142173?
1
What is the tens digit of 5877?
7
What is the thousands digit of 8069?
8
What is the tens digit of 6777?
7
What is the tens digit of 136073?
7
What is the hundreds digit of 1065?
0
What is the tens digit of 2166?
6
What is the hundreds digit of 1320?
3
What is the thousands digit of 15308?
5
What is the hundreds digit of 8550?
5
What is the ten thousands digit of 32094?
3
What is the hundreds digit of 92132?
1
What is the tens digit of 45821?
2
What is the thousands digit of 1290?
1
What is the hundreds digit of 8198?
1
What is the thousands digit of 2830?
2
What is the units digit of 1249?
9
What is the thousands digit of 100451?
0
What is the hundreds digit of 93628?
6
What is the units digit of 46508?
8
What is the thousands digit of 29933?
9
What is the units digit of 7559?
9
What is the thousands digit of 6126?
6
What is the hundreds digit of 23243?
2
What is the thousands digit of 3655?
3
What is the units digit of 73736?
6
What is the thousands digit of 77523?
7
What is the tens digit of 89598?
9
What is the units digit of 792?
2
What is the thousands digit of 32094?
2
What is the thousands digit of 6319?
6
What is the units digit of 2491?
1
What is the tens digit of 4789?
8
What is the tens digit of 12127?
2
What is the tens digit of 13736?
3
What is the units digit of 141452?
2
What is the ten thousands digit of 11798?
1
What is the thousands digit of 9879?
9
What is the hundreds digit of 9553?
5
What is the thousands digit of 17951?
7
What is the units digit of 2996?
6
What is the hundreds digit of 44283?
2
What is the ten thousands digit of 10785?
1
What is the tens digit of 1814?
1
What is the thousands digit of 4750?
4
What is the units digit of 189?
9
What is the thousands digit of 92330?
2
What is the thousands digit of 4348?
4
What is the thousands digit of 1040?
1
What is the tens digit of 794?
9
What is the ten thousands digit of 20242?
2
What is the tens digit of 3081?
8
What is the hundreds digit of 6483?
4
What is the tens digit of 16634?
3
What is the hundreds digit of 4758?
7
What is the hundreds digit of 830?
8
What is the units digit of 3430?
0
What is the units digit of 369?
9
What is the tens digit of 254?
5
What is the units digit of 747?
7
What is the units digit of 116055?
5
What is the hundreds digit of 963?
9
What is the ten thousands digit of 50474?
5
What is the hundreds digit of 127205?
2
What is the units digit of 452?
2
What is the thousands digit of 1710?
1
What is the thousands digit of 17200?
7
What is the tens digit of 10193?
9
What is the tens digit of 40800?
0
What is the units digit of 103464?
4
What is the tens digit of 1019?
1
What is the thousands digit of 28396?
8
What is the hundreds digit of 811?
8
What is the units digit of 42508?
8
What is the hundreds digit of 14032?
0
What is the tens 